c - 4*l + 112. What are the prime factors of c?
2, 3, 5
Let d(n) = 14*n**2 - 241*n - 4. What are the prime factors of d(19)?
3, 157
Suppose 4*c = -0*c - 24. Let r be 15/(-10)*68/c. Let d = 29 - r. List the prime factors of d.
2, 3
Let f = -111 - -110. List the prime factors of 1*(f + 3*-35)/(-2).
53
Suppose 0 - 12 = -3*g. Suppose -122 - 90 = -g*v. What are the prime factors of v?
53
Let q = -124 + 124. Suppose 5*d + 37 = j - 34, -3*j + 2*d + 278 = q. What are the prime factors of j?
2, 3
Suppose -4*c = 5*x - 52, 0*x + 5*c = -3*x + 39. Let a be x/(-24) + 26/6. Suppose 90 + 106 = a*b. List the prime factors of b.
7
Let f be (9/2)/(9/24). Let o(x) = -23*x + 14 + 9*x + 13*x. List the prime factors of o(f).
2
Suppose -5*q + 18 = 8. Suppose -q*c - 3*c - 15 = 0, r - 2*c - 33 = 0. List the prime factors of r.
3
Let k = -5 - -18. Suppose -3*c - 4 = -k. Suppose -48 - 9 = -c*y. What are the prime factors of y?
19
Let f = 162 - -199. List the prime factors of f.
19
Suppose 6*f + 2235 = 11*f. What are the prime factors of f?
3, 149
Let d be (-978)/(-8) - 1/4. Let b be ((-23)/(-69))/(2/(-426)). Let l = d + b. List the prime factors of l.
3, 17
Suppose 0 = -5*n - 3*u + 5*u + 86, 20 = 2*n + 4*u. Suppose -q = -r - 4*q + 12, q = r - n. List the prime factors of r.
3, 5
Let v(z) = -5*z + 48. Let d be v(11). List the prime factors of (-7)/d*199/1 - -2.
3, 67
Let v(x) = x**3 + 9*x**2 + 9*x + 4. Let q be v(-7). Let r be 10*-2*q/(-6). Suppose -j + r = 4*j. What are the prime factors of j?
2, 13
What are the prime factors of -4 + (-310 - 0)/(34/(-68))?
2, 7, 11
Suppose 11 = 3*t - c, 5*c + 4 - 13 = -t. Suppose -t*j + 1317 = 121. List the prime factors of j.
13, 23
Let i be (-4)/14 + (-629)/(-119). Suppose 0 = 5*c - 5*s - 35, -4*c - i*s = -2*s - 35. List the prime factors of c.
2
Suppose 3*x - 965 = 5*c, 5*x + 6*c = 3*c + 1563. What are the prime factors of x?
3, 5, 7
Suppose 56*s - 18510 = 41*s. What are the prime factors of s?
2, 617
Let k = -35 - -46. Suppose k*z - 75 = 8*z. List the prime factors of z.
5
Suppose 1055 = 4*u - 1645. List the prime factors of u.
3, 5
Suppose -2*a - 6*a = 1128. Let s = a - -239. What are the prime factors of s?
2, 7
Suppose -679 = g - 4*s + 235, -3*s = g + 949. Let o be g/(-10) + (-24)/60. Suppose o = 5*y - 2*y. List the prime factors of y.
31
Suppose -2*h + h + 128 = -q, 0 = 5*q - 15. List the prime factors of h/(-4)*-4 + 1 + -3.
3, 43
Let k(a) = a**3 + 3*a**2 - 4*a - 4. Let s be k(-4). Let v = -1 - s. Suppose y - 5*y - 3*t = -135, -v*y = t - 105. What are the prime factors of y?
2, 3
Suppose 148 = 4*c + 24. Suppose 3*p + 162 = -4*k, 4*k - c = 2*p + 77. Let g = p - -99. List the prime factors of g.
3, 5
Let s be 18/(-63) - (-284)/14. What are the prime factors of -6 + 1195/s - 2/(-8)?
2, 3
List the prime factors of 2*(3 - 13)*-25.
2, 5
Let o(k) = 167*k + 33. List the prime factors of o(3).
2, 3, 89
Let r = 179 - 96. Suppose 3*z - 43 - r = 0. What are the prime factors of z?
2, 3, 7
Suppose 2*f = 3*h + 380, 3*f + 7*h - 10*h - 564 = 0. List the prime factors of f.
2, 23
Let z be (-6 + -66)*6/(-4). Suppose d - z = -d - 2*v, -v = 5*d - 286. List the prime factors of d.
2, 29
Suppose 0 = 5*m - 5*w - 15, -17 + 5 = -2*m + 5*w. Let c be 7/m + 9/(-3). Let h(p) = -p**3 + 4*p**2 + 4*p + 3. List the prime factors of h(c).
19
Suppose -3*h = 4*t - 69, 2*t - 66 = -3*t + 3*h. List the prime factors of -1*(-5)/(t/87).
29
Let u(s) = -s**3 - 3*s**2 + 6*s + 2. Let a be u(-4). Let d be a/10 + 8/5. List the prime factors of 1800/32 - d/4.
2, 7
Let v be 4/(-6) - (-8988)/36. Suppose 3*s - 3*r - 353 = -s, 3*r = -3*s + v. Suppose -3*n + s = -5*l, -n + 4 = 4*l - 2. List the prime factors of n.
2, 11
Let y(g) = g - 36. Let f(j) = -j + 18. Let z be ((-6)/(-12))/(2/44). Let s(w) = z*f(w) + 6*y(w). What are the prime factors of s(-17)?
67
Suppose 17 = -k - 5*a, k + 3*k - 3*a - 24 = 0. Suppose -6*j - 15 = -2*j + 3*n, -k*j = -3*n - 15. Suppose j = -3*b - 2 + 32. What are the prime factors of b?
2, 5
Suppose -r - 8 = 2*k, -9*k + 5*k - 4 = 0. Suppose 5*c = 2*c + 3. Let x = c - r. List the prime factors of x.
7
Suppose -2*k + 5347 = -2189. What are the prime factors of k?
2, 3, 157
Suppose z + 15 = 2*a + 63, 0 = -2*z - 4*a + 128. Let i = -36 + z. What are the prime factors of i?
2, 5
Suppose -3*q = -u - 6 + 20, 2*q - 5*u + 18 = 0. Let x(n) = -4*n**3 - n**2 + 3*n - 1. List the prime factors of x(q).
227
Let t(s) = 25*s - 55. Let r be t(-11). Let b = r + 564. List the prime factors of b.
2, 3, 13
Let u be -16 + 21 + (-324)/2. Let j = -17 - u. List the prime factors of j.
2, 5, 7
Suppose -34*h + 35*h = -2, 5*h + 22 = 4*v. Let s(n) = n**3 + 53. Let o be s(0). Suppose x - o = v. List the prime factors of x.
2, 7
Let d = -452 + 302. Let a = -46 - d. What are the prime factors of a?
2, 13
Suppose 0 = -2*b - 0*b + 16. Suppose b*c - 3*c - 5*q = 685, -2*q + 131 = c. Suppose -c = -3*j - 2*j. What are the prime factors of j?
3
Let a(s) = 2*s**2 - 2*s + 1. Let i be (-9)/(-3) + 3/2*-4. What are the prime factors of a(i)?
5
Let f = 35 + -50. Let j(u) = u**2 + 12*u + 9. List the prime factors of j(f).
2, 3
Let c(a) = a**2 - 5*a - 11. Let h be c(6). Let f be 138/(-8) + 1/4. Let m = h - f. List the prime factors of m.
2, 3
Let z be 13*(-1 + (-3 - -3)). Let v = -3 - 37. Let c = z - v. List the prime factors of c.
3
Suppose 3*y + 194 = 3*u - 106, 5*y - 15 = 0. Let g = 115 + u. List the prime factors of g.
2, 109
Let n be 4/(0 - 6/(-15)). Suppose -2*q - 3 = -j, 3*q - q = 3*j - 9. Suppose g + 0 - n = q. What are the prime factors of g?
2, 5
Let f be (-1251)/6*8/(-6). List the prime factors of f/7 - 14/(-49).
2, 5
Let t(p) = -p**3 - 10*p**2 - 12*p - 23. Let u be t(-9). Suppose 0 = -d - 2*s - u, 4*s + 16 = 0. What are the prime factors of d?
2
Suppose -2*o + 5 = 2*d - 15, 2*d + 4*o - 24 = 0. Let t be d/(32/588) + -2. Suppose h - t = -4*h. List the prime factors of h.
29
Suppose 3*g + 3*z = 2064, -3*g + 3*z = -z - 2092. Suppose -2*a + 6*a = -5*o + 737, g = 4*a - 4*o. List the prime factors of a.
2, 89
Suppose -b = 251 - 1811. What are the prime factors of b?
2, 3, 5, 13
Let q(j) = j**2 + 6*j - 5. Let i be q(-7). Suppose i*y - 12 = 2*m - 6*m, -5*y = 0. Suppose 0 = 2*d - m*d + 22. What are the prime factors of d?
2, 11
Suppose -6*t + 8*t = 18. List the prime factors of t*((-53)/(-3) - 4).
3, 41
Let l(w) = w**2 - 11*w + 4. Let g be l(11). Let n be (-8)/(-12) - g/(-3). Suppose t + 4*h - 17 = -n*t, 2*t - 16 = 2*h. What are the prime factors of t?
7
Let n(k) = -4*k**3 + 3*k**2 + 2*k - 40. List the prime factors of n(-9).
7, 443
Suppose -5*t = -q - 282, t = 4*t + 3*q - 180. Suppose h - 85 = l - 4*l, -8 = 4*h. Let a = t - l. List the prime factors of a.
2, 7
Let y(q) be the third derivative of 11*q**4/12 - q**3/6 + 9*q**2. Let f be y(2). Let c = -18 + f. List the prime factors of c.
5
Let s = -67 + 87. Suppose s*g - 786 = 17*g. List the prime factors of g.
2, 131
Suppose -5*m - 129*j + 125*j + 885 = 0, -5*j + 156 = m. What are the prime factors of m?
181
Let k(m) be the first derivative of 2*m**2 + m - 19. Let w = -1 + 5. What are the prime factors of k(w)?
17
Suppose 0 = n - 3*n. Suppose -l + 2*l = n. Suppose l*v + 107 = 4*t - 3*v, 101 = 4*t + 3*v. List the prime factors of t.
2, 13
Let q(h) = -5*h + 10. Let g be q(3). Let c(z) = -2*z**3 + z**2 + 15*z - 3. List the prime factors of c(g).
197
Suppose -9 = -3*l - 0. Suppose -u + 6*u = -l*w + 360, -5*w = -5*u - 560. What are the prime factors of w?
5, 23
Suppose -2*v = 2*v + 8. Let d(j) = 6*j**2 + j - 2. Let p be d(v). Let w = 43 - p. List the prime factors of w.
23
Let f = -450 - -1489. What are the prime factors of f?
1039
Let q(h) = 14*h - 2. Let o be q(2). Let u = 54 - o. List the prime factors of u.
2, 7
Let w(p) = -p**2 - 9*p + 40. List the prime factors of w(-9).
2, 5
Let i = 645 - -123. Suppose -8*u + 14*u - i = 0. What are the prime factors of u?
2
Let y be (-1 + -8)/((-11)/(-121)). List the prime factors of y*(-3 - 28/(-12)).
2, 3, 11
Let m = 5299 + -3199. List the prime factors of m.
2, 3, 5, 7
Suppose -744 = -2*l - 2*i, 5*i - 208 = -3*l + 910. List the prime factors of l.
7, 53
Let j(n) = -n**3 + 6*n**2 - 2*n + 5. Let r = 5 + 0. What are the prime factors of j(r)?
2, 5
Let x = -890 + 1775. Suppose 5*p - x = -0*p - 3*g, 5*g - 177 = -p. Wh